Calculate the highest common divisor of 5 and k.
5
Let f = 54 + -51. Suppose 0 = -f*c + 3 + 3. Suppose 10*y - 14*y + 2*l = -50, 2*l + 14 = y. Calculate the highest common factor of y and c.
2
Suppose -3*g = 0, 21*i + 1560 = 25*i + 5*g. Calculate the highest common divisor of i and 120.
30
Suppose -912 = -3*l - 9*l. Suppose 4*f - 45 = -3*m + 1, 5*f - 62 = -4*m. Suppose -m*y + l = -14*y. What is the highest common divisor of 133 and y?
19
Let m = -18790 - -19618. What is the highest common factor of 612 and m?
36
Let x(u) = 0*u**3 - 5*u - 3*u**3 + 1 + 4*u**3 - 6*u**2. Let a be x(7). Let p be (0 + -3)*-4*7/28. What is the highest common divisor of p and a?
3
Let m = 60 + -43. Let s(o) = 5*o - 23. Let j be s(m). Calculate the highest common divisor of 186 and j.
62
Let l = -555 + 559. Suppose -6 - 3 = -3*y. Suppose l = y*w - 4*i + 11, 3*w - 1 = 2*i. Calculate the greatest common factor of 12 and w.
3
Let g(a) = -40*a - 704. Let i be g(-22). What is the greatest common divisor of i and 1177?
11
Suppose 2*o - 16 = 22. Let m be (o*-1)/((-13)/52). Let x = -75 + m. What is the greatest common divisor of x and 5?
1
Let q = -97 + 161. Let w = 196842 + -196838. Calculate the highest common factor of q and w.
4
Let z = -368 - -368. Suppose 3*n - 55 + 19 = z. Calculate the greatest common divisor of n and 864.
12
Let h(c) = c**3 + 27*c**2 - 29*c - 36. Let i be h(-28). Let s be 4/(8/46) - i/2. Calculate the highest common divisor of s and 36.
9
Let s(h) = -h**3 - 27*h**2 + 30*h + 46. Let a be s(-28). Let y be a/(-8) - (-4 - 119/(-28)). Calculate the highest common divisor of 1 and y.
1
Let j = 95 - -199. Let r = 66 + j. Suppose -3*w - 4*b + r = 69, -4*w - b = -375. What is the greatest common factor of 31 and w?
31
Let y(r) = 3*r**3 - r**2 - 25*r + 4. Let m be y(8). Let t = -902 + m. Let v = t + -169. Calculate the highest common divisor of 41 and v.
41
Let i be 5 - 0*(-6)/(-36). Suppose b - 6*b - 2*c + 354 = 0, 0 = -3*b - i*c + 220. What is the highest common factor of 10 and b?
10
Let p(r) = 4*r**2 + 5*r - 14. Let x = 1 + 2. Suppose -x*q + 15 - 3 = 0. Let f be p(q). Calculate the greatest common divisor of 10 and f.
10
Suppose -36*f + 956 = -9736. Calculate the highest common factor of 165 and f.
33
Let d be (-4 + 14)*((-1836)/120)/(-9). Suppose v = -v + 6. Calculate the greatest common factor of d and v.
1
Suppose 0 = -2*f - 0*f + 6. Suppose 0 = -7*b + f*b - 4*p + 132, -3*p + 9 = 0. Let c be (-35772)/(-1980) - 2/30. Calculate the greatest common factor of c and b.
6
Let z(o) = o + 5. Let y be (-27)/(-45) - (-47)/5. Let s be z(y). Let b(x) = 2*x**2 - 30*x - 88. Let q be b(-3). What is the highest common factor of q and s?
5
Let f be 32 + 3 + -1 + -2. Let z(q) = 5*q**2 + 60*q + 63. Let t be z(-11). Calculate the highest common divisor of t and f.
8
Suppose -j - j = -4. Let i be (-5 - -4) + (-30 - j). Let g = -15 - i. Calculate the greatest common factor of g and 12.
6
Let y be (-58)/(-1334) + (-5148)/(-92). What is the highest common divisor of y and 30?
2
Suppose -442*k + 5 = -441*k. Let s(q) = -11*q + 74. Let n be s(k). What is the greatest common factor of n and 513?
19
Let i be 3 - (2 + -1*2). Suppose 460*q - 7 = 3*v + 458*q, -2*v + 8*q - 38 = 0. Calculate the greatest common divisor of v and i.
1
Let o be -2 + (6 - -1) + (-3)/1. Suppose 0 = 3*l + o*l - 375. What is the highest common divisor of 25 and l?
25
Suppose 5*a - a - 288 = 5*k, -170 = -2*a - 4*k. Suppose -991*f + 940*f = -1428. Calculate the highest common factor of f and a.
7
Let l = -9775 + 11871. What is the highest common divisor of 131 and l?
131
Let s(n) be the second derivative of -n**5/20 + 9*n**4/4 - 7*n**3/2 - 11*n**2 + 41*n. Let d be s(26). Calculate the greatest common factor of d and 12.
12
Let y = 11 - -5. Let j be -41 - -38 - (-3 + (2 - -1) + -59). Suppose j = -14*s + y*s. What is the greatest common divisor of 84 and s?
28
Suppose -120*o = -298*o + 11036. Let v be (3/2)/((-1)/(-62)). What is the greatest common divisor of o and v?
31
Let m = 74 - 74. Let y(v) = -4*v - 13. Let w be y(m). Let x = 62 + w. Calculate the highest common factor of 7 and x.
7
Suppose -3*p + 67 + 131 = 0. Suppose 0 + p = 3*y. Suppose 4*u = 2*f + y, 4*u = 3*u - f + 1. What is the greatest common divisor of 4 and u?
4
Let j(k) = k**3 + 9*k**2 + 13*k + 20. Let q be j(-7). Suppose 308 = 29*d - q*d. What is the highest common divisor of 22 and d?
22
Suppose 2*v = -4*s - 28, -4*v - s = -3*s - 34. Let r(c) = -c + 22. Let z be r(0). What is the highest common divisor of v and z?
2
Let k be -6 + 10 + -4 + 66/3. Let j = -20 + 16. Let m(s) = 12*s**2 - 4*s - 10. Let d be m(j). What is the highest common divisor of k and d?
22
Let y(s) = -s**2 + 33*s + 7. Let m be y(7). What is the highest common divisor of 21 and m?
21
Let y(i) = -i**2 + 2*i - 5. Let n be y(0). Let k be (-5 - -18)/(-1) - n. Let a be 169/52 + 2/k. What is the highest common factor of a and 57?
3
Let j = 1410 - -350. What is the greatest common factor of 968 and j?
88
Let x be 31*(-24)/((-192)/56). Calculate the highest common factor of 77 and x.
7
Let u(i) = i - 15. Let h be u(15). Let z = h - -8. Suppose -3*x + 46 + z = 0. What is the greatest common divisor of x and 180?
18
Suppose 22 = 5*g - 4*w, -2*g + w - 10 + 17 = 0. Let a(y) = 36*y**3 + 3*y**2 - y + 1. Let k be a(g). Calculate the highest common factor of 23 and k.
23
Suppose -1140 = -58*u + 1296. Calculate the greatest common factor of 1659 and u.
21
Suppose -574 = -1831*i + 1817*i. What is the highest common divisor of 25 and i?
1
Let h(b) = 21*b**2 - 10*b + 9. Let x(q) = q**2 + q - 1. Let i(t) = h(t) + 5*x(t). Let y be i(1). What is the greatest common divisor of y and 75?
25
Let f = -5108 - -5172. Calculate the highest common factor of 6848 and f.
64
Suppose 22*w + 225933 = 696381. Calculate the highest common divisor of w and 528.
264
Let y(j) = 4*j**2 - 2*j - 1. Let q be y(-1). Suppose -7*u + 390 = 173. Suppose 19 = q*i - u. Calculate the highest common divisor of 10 and i.
10
Let q = -28777 + 30354. Calculate the highest common factor of 513 and q.
19
Suppose 0*d = -7*d. Suppose 2*b + 4*b - 4410 = d. Suppose -b + 163 = -4*y. What is the highest common divisor of y and 13?
13
Let v(t) = -t**3 + 12*t**2 - t + 14. Let y be v(12). Let s be y/(-18) - 597/(-27). Calculate the greatest common divisor of 22 and s.
22
Suppose 3*f + 883 = -4*p - 185, 0 = -2*f + 8. Let o be (p/(-63) - 6)/((-2)/28). What is the highest common factor of 216 and o?
24
Let r be (-116)/(-32) + 18/48. Suppose -25 = -r*p + 3*k + 50, 4*p - 45 = -3*k. Let g be 4/8 + 119/2. What is the greatest common divisor of g and p?
15
Suppose 9*a = 6 - 42. Let g(x) = x - 10. Let p be g(12). Let n be 8*a/(p*-4). What is the highest common divisor of n and 1?
1
Suppose -3*s + 2576 = -4*b, -s + 0*b = -2*b - 862. Calculate the greatest common factor of 48 and s.
12
Let v be 1/(-3) + 300/9. Suppose 2*y + y - v = 0. Let c(b) = 15*b**2 - 4*b + 11. Let f be c(1). Calculate the highest common divisor of f and y.
11
Suppose -15 + 7 = -2*j, -2*j = 3*b - 14. Let s be (-700)/(-90) - 1/((-9)/b). What is the greatest common divisor of 456 and s?
8
Suppose 3*f - 5*y - 26 = 0, 0 = -2*f + 7*y - 5*y + 12. Let q be -4 + (-3 - (-58)/4*f). Calculate the highest common divisor of 374 and q.
22
Suppose 5*c + 21 = 5*q - 99, -3*q + 64 = -c. Let a = -91 - -92. Let b be 96 - (1 + -3 + (-1 - a)). Calculate the greatest common factor of b and q.
20
Let i be -20*((-55)/10)/(-11). Let z be 15/i*(-48)/8. Let r = 21 - 15. What is the highest common factor of r and z?
3
Let s(k) = k**2 - 7*k - 42. Let a be s(-4). Let w = 8 + a. Let f = -43 + 133. Calculate the greatest common factor of f and w.
10
Let c be 11 + -6 - (-3 + 3). Suppose 3*o = -c + 44. Suppose z - 28 = -o. Calculate the greatest common divisor of 30 and z.
15
Let c(f) = 6*f**3 + 56*f**2 - 17*f + 77. Let g be c(7). Calculate the highest common factor of g and 35.
35
Let a be 0/(((-48)/36)/(2/3)). Suppose 6*k - 385 + 205 = a. Calculate the highest common divisor of 30 and k.
30
Suppose -3*j = -3*g - 3, 4*j - 3*g + 1 = -4*g. Let u be ((j - 1)/1)/((-2)/58). What is the highest common factor of 319 and u?
29
Suppose -y + 8*y + 35 = 0. Let g(f) = -f**3 - 2*f**2 + f - 10. Let v be g(y). Suppose -3*m + 40 = -